/7630).
14
Suppose 13*c - 44 - 73 = 0. What is the remainder when 26 is divided by c?
8
Suppose -y - 128 - 93 = -5*i, -5*y + 20 = 0. Calculate the remainder when 167 is divided by i.
32
Suppose 355 = 5*v + 3*c, 3*v + 50*c - 213 = 51*c. Suppose d - 7 = 11. What is the remainder when v is divided by d?
17
Suppose 0 = 2*d - 54. Suppose 3*r - 23 = 3*u + 7, 5*u = -4*r + 85. Let w = -8 + r. What is the remainder when d is divided by w?
6
What is the remainder when 142/2 + -1 - 1 is divided by (-1 + (-52)/20)/(24/(-160))?
21
Let d(z) = -2*z**3 + z**2 - 3*z - 9. Let s be d(-4). Suppose 3*u - 5*l = s, u + 0*l - 66 = -4*l. Calculate the remainder when u is divided by 28.
26
Suppose 0 = -30*a + 35*a - 80. Suppose n - 26 = -4*k, 3*k = -2*n + 4*k + 7. What is the remainder when a is divided by n?
4
Suppose 16 = 7*n - 26. Let s(y) = -y**3 + 8*y**2 - 3*y. What is the remainder when s(7) is divided by n?
4
Let r be -9*(-2 - -18)/(-1). Suppose 0 = o + 2*o - w + 134, -3*w + r = -3*o. Let n = -26 - o. Calculate the remainder when n is divided by 10.
7
Let q be (-1)/((-1)/(-2)) - -5. Suppose -3 = 2*y + 1, q*y + 72 = 3*h. What is the remainder when h is divided by 6?
4
Let h(c) = -c**2 + 5*c + 4. Let m be h(5). Suppose 3*g - 2*s = 12, m*s + 2 = -4*g - 2. Let b = g + 13. What is the remainder when b is divided by 8?
7
Calculate the remainder when 8 is divided by 22/4*(-1778)/(-1397).
1
Let m(l) = -22*l + 71. Calculate the remainder when 85 is divided by m(0).
14
Let b(c) = -c**3 + 2*c**2 - c + 12. Let o be b(0). What is the remainder when 41 is divided by o - ((-4)/(-8))/(3/(-12))?
13
Let j be (15/6 + 0)*12/10. Suppose -4*y + 796 = -3*v, 0 = -5*y - 0*v - 4*v + 995. What is the remainder when y/j + (-2)/6 is divided by 17?
15
Calculate the remainder when 207 is divided by 12 + (-172)/16 + (-177)/(-12).
15
Let j(t) = -t + 8. Let f(a) = -a**3 + 11*a**2 - 2*a + 25. Let h(g) = -8*g - 5. Let v be h(-2). Calculate the remainder when f(v) is divided by j(7).
0
Suppose -6*t = -33*t + 1350. Calculate the remainder when t is divided by 15.
5
Let b(n) = n**2 + 52*n + 500. Suppose 55 = 5*f + 5*j, -2*j - 8 + 4 = 0. What is the remainder when b(-11) is divided by f?
10
Let m(a) = 15*a + 2. Calculate the remainder when m(2) is divided by 22.
10
Suppose y - 78 + 36 = 0. Calculate the remainder when y is divided by (44/10)/((-2)/(-10)).
20
Suppose -30*o = -25*o - 15. Suppose -5*i - o*r = -74 - 17, 2*i - 2*r = 46. What is the remainder when 75 is divided by i?
15
Let z(h) = 63*h - 34. What is the remainder when z(12) is divided by 33?
29
Let q = 43 - 49. Let g(n) = -2*n**2 - 14*n - 4. Calculate the remainder when 22 is divided by g(q).
6
Suppose -120 = -5*w + w. Suppose 156 = 6*p - w. Let r(f) = -19*f - 6. What is the remainder when r(-5) is divided by p?
27
Calculate the remainder when 28 is divided by 18/1 + 3/(-3).
11
Suppose 0 = 5*p - 2*k - 18, -p + 4*k = -0*k. Let q be -2 + p + (-4 - -170). What is the remainder when 40 is divided by 1/((-3)/q*-4)?
12
Let k be (-20)/110 + 4/22. Suppose k*i + i = 3*a - 19, -4*a = -5*i - 29. What is the remainder when a is divided by 4?
2
Suppose 3*s = -5*f + 92, -61 = -3*s + 4*f + 22. Let h = -42 + 60. Calculate the remainder when s is divided by h.
11
Suppose 9*j - 10*j + 20 = 0. Suppose -3*q + j = 5. Calculate the remainder when 13 is divided by q.
3
Let v(j) = -j + 6. Let f be v(2). Suppose z = -5*s + 35, f*z - 3*s - 29 = -4. Calculate the remainder when 26 is divided by z.
6
What is the remainder when 60 is divided by (-9 - (-175)/21)/(2/(-93))?
29
Suppose -4*k = -16, 4*k - 31 = -3*m - 0*k. Suppose 3*x + 65 = 2*t, -3 = -m*x - 28. Calculate the remainder when 122 is divided by t.
22
Suppose 5*d - 89 = 2*k, 4*d = -0*k + 5*k + 61. Suppose x - d = 4. Suppose 10 = 4*f - 14. Calculate the remainder when x is divided by f.
5
Let l(h) = -2*h**2 + 94*h - 333. What is the remainder when 285 is divided by l(43)?
10
Let x = -51 - -78. Let u = 38 - x. What is the remainder when (-3738)/(-890)*(-1 - -6) is divided by u?
10
Let s = -108 + 329. What is the remainder when s is divided by 37?
36
Let g(t) = 2*t**3 - 5*t**2 - 3*t + 8. What is the remainder when g(5) is divided by 62?
56
Calculate the remainder when 19 is divided by (-3535)/(-202)*8/10.
5
Suppose -4*y + 178 = 2*w, 0 = -w + 2 + 3. Let a(h) = -h + 3. Let c be a(6). Let n = c + y. Calculate the remainder when n is divided by 21.
18
Let g = -34 + 73. Let l be (1 - 1)/(1 - 2). Let w = g - l. What is the remainder when w is divided by 21?
18
Let h be (-1)/4 + (-70)/8. Let x(r) = -r**2 - 9*r + 10. Suppose -2*k - 3 = -9. Calculate the remainder when x(h) is divided by k.
1
Let w be (62/(-11))/(-2) + (-52)/(-286). Suppose -v - w*k + 28 = 0, 5*v + 0*k - k = 60. What is the remainder when 75 is divided by v?
10
Let a(n) = -n**3 + 11*n**2 + 2*n - 7. Let y be a(11). Suppose y = 4*t - 5*c, 3 + 2 = 5*c. What is the remainder when 12 is divided by t?
2
Suppose 17 = -2*v - 74*p + 79*p, -v + 19 = 3*p. Calculate the remainder when 101 is divided by v.
1
Suppose -g = 5*b + 18, 0*g = 4*g - b - 12. Suppose -g*k = 2*x - 36, 0 = 2*x + 4*k - 0*k - 44. What is the remainder when -1 + (69 - (-2)/(-2)) is divided by x?
11
Let c(q) = 4*q**3 - q**2. Let d be c(-1). Let p(u) = -u + 4. Let f(a) = -a + 5. Let n(r) = 3*f(r) - 2*p(r). What is the remainder when 21 is divided by n(d)?
9
Suppose 0 = 3*g + 12, 0 = 2*z + 2*g + 6 - 2. Suppose -y = -3*h - 2*h + 2, 4*y - 80 = -z*h. Calculate the remainder when 34 is divided by y.
16
Let r = 1807 + -1755. What is the remainder when 101 is divided by r?
49
What is the remainder when 62/((-14)/(-3 - 4)) is divided by 16?
15
Let y(g) = g**2 - 17*g + 84. What is the remainder when 2434 is divided by y(10)?
12
Let s = 955 + -879. Calculate the remainder when s is divided by 3.
1
Suppose 5*i - 1175 = -4*t, 0*i + t = -5*i + 1175. Suppose h = -5*k - 0*h + i, -4*k + 177 = 3*h. Calculate the remainder when k is divided by 25.
23
Suppose 56 - 236 = -4*t. Calculate the remainder when t is divided by (1*4)/((-1)/(-4)).
13
Suppose 0*z + 8*z = -56. Let u(r) = -9*r + 12. Calculate the remainder when u(z) is divided by 11.
9
Suppose 2*v - 22 = -5*j, 6*v + 32 = 2*j + v. What is the remainder when 29 is divided by j?
5
Let f(q) be the third derivative of -q**5/60 - 5*q**4/8 + q**3 - q**2. Let a = 418 - 433. Calculate the remainder when 9 is divided by f(a).
3
Let k(d) = 6 - 4*d**3 + 3*d**3 + 9*d**2 - 4*d**2 - 4. What is the remainder when 35 is divided by k(4)?
17
Calculate the remainder when (1/(-11) + (-28854)/(-495))*5 is divided by 77.
60
Suppose -6*b = -33*b + 972. Calculate the remainder when 113 is divided by b.
5
Let h = -4 - -11. Suppose -h = -4*a + 5*a. Let v = a - -50. Calculate the remainder when v is divided by 15.
13
Let h(a) = a - 4*a + 20 - 3 + 2*a. Let g be h(13). Suppose 5*r + 4*i = 229, -5*i + i + g = 0. What is the remainder when r is divided by 12?
9
Calculate the remainder when (489/(-12))/((-11)/44) is divided by 4.
3
Let o = -4144 + 4163. Let p be (-3 - -3)*2/4. Suppose -2*i = -2*t - 3*i + 79, p = -5*i + 25. What is the remainder when t is divided by o?
18
Suppose -4*c - 7 = 20*q - 25*q, 2*q = -5*c + 16. Let i be 1 - -1 - (-5 + 5). What is the remainder when (-1)/i*(-13 + -1) is divided by c?
1
Let z(m) = 4*m**2 + 27*m - 2. Calculate the remainder when 551 is divided by z(-9).
77
Let d = -93 - -167. Let p = 88 + -73. What is the remainder when d is divided by p?
14
Let g(y) = 2*y**2 + 6*y - 6. Suppose -4*m - 35 + 187 = 0. What is the remainder when m is divided by g(-5)?
10
Suppose -2*j - 12 - 5 = -5*m, 0 = 4*j - 4*m + 4. Suppose 0 = j*q - 79 - 33. Calculate the remainder when 195 is divided by q.
27
Suppose -20*g - 15*g + 805 = 0. Calculate the remainder when g is divided by 12.
11
Let l = -27 - -29. Suppose -l*z + p + 67 = 0, -5*p = 4*z - 122 - 19. Calculate the remainder when z is divided by 7.
6
Suppose -28*w + 1224 = -22*w. Let h = w - 52. What is the remainder when h is divided by 11?
9
Suppose 3*u - 8 = 1, -5*u = -2*g + 19. What is the remainder when 66 is divided by g?
15
Suppose -4*f = -4, -7 = -2*w - 4*f - 3. Suppose 2*j + 4*l = -2*j - 28, 3*j + 5*l + 15 = w. Let v = -2 - j. Calculate the remainder when 12 is divided by v.
4
Suppose -4*c = 2 - 10. Suppose -4*i + t = -1